{"id":44,"date":"2023-04-03T20:56:11","date_gmt":"2023-04-03T18:56:11","guid":{"rendered":"https:\/\/istitutobuenosaires.esteri.it\/?page_id=44"},"modified":"2025-08-22T11:30:51","modified_gmt":"2025-08-22T08:30:51","slug":"certificazioni","status":"publish","type":"page","link":"https:\/\/iichelsinki.esteri.it\/it\/lingua-e-cultura\/certificazioni\/","title":{"rendered":"Certificazioni"},"content":{"rendered":"<h2>Gli esami CILS<\/h2>\n<p>L\u2019Istituto \u00e8 sede di esami CILS. La certificazione CILS \u00e8 un titolo di studio ufficialmente riconosciuto che attesta il grado di competenza linguistico-comunicativa in italiano come L2.<\/p>\n<p>Iscrizioni: segr.iichelsinki@esteri.it<\/p>\n<p>Informazioni sugli esami CILS: <a href=\"https:\/\/cils.unistrasi.it\/1\/98\/Esami_CILS.htm\">https:\/\/cils.unistrasi.it\/1\/98\/Esami_CILS.htm<\/a><\/p>\n<p>Le date ufficiali degli esami CILS: <a href=\"https:\/\/cils.unistrasi.it\/public\/articoli\/364\/Calendario%20esami%20CILS%202025.pdf\">https:\/\/cils.unistrasi.it\/public\/articoli\/364\/Calendario%20esami%20CILS%202025.pdf<\/a><\/p>\n<p>Prossima sessione di esame: 4 dicembre 2025 (scadenza iscrizioni 20 ottobre 2025)<\/p>\n<p><strong>Tassa di esame<\/strong><\/p>\n<table>\n<tbody>\n<tr>\n<td colspan=\"2\" width=\"293\">Ammontare tasse di esame<\/td>\n<td width=\"198\">Quota per ogni<\/p>\n<p>abilit\u00e0 CILS da ripetere*<\/td>\n<\/tr>\n<tr>\n<td width=\"236\">Livelli CILS A1\/A2<\/td>\n<td width=\"57\">50 \u20ac<\/td>\n<td width=\"198\">15 \u20ac<\/td>\n<\/tr>\n<tr>\n<td width=\"236\">Livello CILS UNO-B1<\/td>\n<td width=\"57\">100 \u20ac<\/td>\n<td width=\"198\">25 \u20ac<\/td>\n<\/tr>\n<tr>\n<td width=\"236\">Livello CILS DUE-B2<\/td>\n<td width=\"57\">110\u20ac<\/td>\n<td width=\"198\">27 \u20ac<\/td>\n<\/tr>\n<tr>\n<td width=\"236\">Livello CILS TRE-C1<\/td>\n<td width=\"57\">135 \u20ac<\/td>\n<td width=\"198\">35 \u20ac<\/td>\n<\/tr>\n<tr>\n<td width=\"236\">Livello CILS QUATTRO-C2<\/td>\n<td width=\"57\">160 \u20ac<\/td>\n<td width=\"198\">35 \u20ac<\/td>\n<\/tr>\n<\/tbody>\n<\/table>\n<p>*Ai candidati che non ottengono la sufficienza in tutte le abilit\u00e0 viene rilasciato un attestato di capitalizzazione, nel quale sono indicate le abilit\u00e0 superate e quelle non superate. L\u2019attestato di capitalizzazione pu\u00f2 essere fatto valere in esami successivi di certificazione. Le abilit\u00e0 in cui si \u00e8 raggiunto la soglia di sufficienza possono essere capitalizzate entro 18 mesi. Il candidato pu\u00f2 presentarsi a sostenere solo le abilit\u00e0 in cui ha fallito.<\/p>\n","protected":false},"excerpt":{"rendered":"Gli esami CILS L\u2019Istituto \u00e8 sede di esami CILS. La certificazione CILS \u00e8 un titolo di studio ufficialmente riconosciuto che attesta il grado di competenza linguistico-comunicativa in italiano come L2. Iscrizioni: segr.iichelsinki@esteri.it Informazioni sugli esami CILS: https:\/\/cils.unistrasi.it\/1\/98\/Esami_CILS.htm Le date ufficiali degli esami CILS: https:\/\/cils.unistrasi.it\/public\/articoli\/364\/Calendario%20esami%20CILS%202025.pdf Prossima sessione di esame: 4 dicembre 2025 (scadenza iscrizioni 20 ottobre [&hellip;]","protected":false},"author":1,"featured_media":0,"parent":16,"menu_order":4,"comment_status":"closed","ping_status":"closed","template":"","meta":{"footnotes":""},"class_list":["post-44","page","type-page","status-publish","hentry"],"_links":{"self":[{"href":"https:\/\/iichelsinki.esteri.it\/it\/wp-json\/wp\/v2\/pages\/44","targetHints":{"allow":["GET"]}}],"collection":[{"href":"https:\/\/iichelsinki.esteri.it\/it\/wp-json\/wp\/v2\/pages"}],"about":[{"href":"https:\/\/iichelsinki.esteri.it\/it\/wp-json\/wp\/v2\/types\/page"}],"author":[{"embeddable":true,"href":"https:\/\/iichelsinki.esteri.it\/it\/wp-json\/wp\/v2\/users\/1"}],"replies":[{"embeddable":true,"href":"https:\/\/iichelsinki.esteri.it\/it\/wp-json\/wp\/v2\/comments?post=44"}],"version-history":[{"count":6,"href":"https:\/\/iichelsinki.esteri.it\/it\/wp-json\/wp\/v2\/pages\/44\/revisions"}],"predecessor-version":[{"id":5589,"href":"https:\/\/iichelsinki.esteri.it\/it\/wp-json\/wp\/v2\/pages\/44\/revisions\/5589"}],"up":[{"embeddable":true,"href":"https:\/\/iichelsinki.esteri.it\/it\/wp-json\/wp\/v2\/pages\/16"}],"wp:attachment":[{"href":"https:\/\/iichelsinki.esteri.it\/it\/wp-json\/wp\/v2\/media?parent=44"}],"curies":[{"name":"wp","href":"https:\/\/api.w.org\/{rel}","templated":true}]}}

<h2>Gli esami CILS</h2>
<p>L’Istituto è sede di esami CILS. La certificazione CILS è un titolo di studio ufficialmente riconosciuto che attesta il grado di competenza linguistico-comunicativa in italiano come L2.</p>
<p>Iscrizioni: segr.iichelsinki@esteri.it</p>
<p>Informazioni sugli esami CILS: <a href="https://cils.unistrasi.it/1/98/Esami_CILS.htm">https://cils.unistrasi.it/1/98/Esami_CILS.htm</a></p>
<p>Le date ufficiali degli esami CILS: <a href="https://cils.unistrasi.it/public/articoli/364/Calendario%20esami%20CILS%202025.pdf">https://cils.unistrasi.it/public/articoli/364/Calendario%20esami%20CILS%202025.pdf</a></p>
<p>Prossima sessione di esame: 4 dicembre 2025 (scadenza iscrizioni 20 ottobre 2025)</p>
<p><strong>Tassa di esame</strong></p>
<table>
<tbody>
<tr>
<td colspan="2" width="293">Ammontare tasse di esame</td>
<td width="198">Quota per ogni</p>
<p>abilità CILS da ripetere*</td>
</tr>
<tr>
<td width="236">Livelli CILS A1/A2</td>
<td width="57">50 €</td>
<td width="198">15 €</td>
</tr>
<tr>
<td width="236">Livello CILS UNO-B1</td>
<td width="57">100 €</td>
<td width="198">25 €</td>
</tr>
<tr>
<td width="236">Livello CILS DUE-B2</td>
<td width="57">110€</td>
<td width="198">27 €</td>
</tr>
<tr>
<td width="236">Livello CILS TRE-C1</td>
<td width="57">135 €</td>
<td width="198">35 €</td>
</tr>
<tr>
<td width="236">Livello CILS QUATTRO-C2</td>
<td width="57">160 €</td>
<td width="198">35 €</td>
</tr>
</tbody>
</table>
<p>*Ai candidati che non ottengono la sufficienza in tutte le abilità viene rilasciato un attestato di capitalizzazione, nel quale sono indicate le abilità superate e quelle non superate. L’attestato di capitalizzazione può essere fatto valere in esami successivi di certificazione. Le abilità in cui si è raggiunto la soglia di sufficienza possono essere capitalizzate entro 18 mesi. Il candidato può presentarsi a sostenere solo le abilità in cui ha fallito.</p>

Gli esami CILS L’Istituto è sede di esami CILS. La certificazione CILS è un titolo di studio ufficialmente riconosciuto che attesta il grado di competenza linguistico-comunicativa in italiano come L2. Iscrizioni: segr.iichelsinki@esteri.it Informazioni sugli esami CILS: https://cils.unistrasi.it/1/98/Esami_CILS.htm Le date ufficiali degli esami CILS: https://cils.unistrasi.it/public/articoli/364/Calendario%20esami%20CILS%202025.pdf Prossima sessione di esame: 4 dicembre 2025 (scadenza iscrizioni 20 ottobre [&hellip;]
